e greatest common divisor of 66 and r.
33
Let t(a) = -a**3 + 6*a**2 - 5*a + 1. Let q(y) = y + 1. Let r be q(4). Let o be t(r). Let j be (o/1)/(8/40). What is the greatest common divisor of 2 and j?
1
Suppose -13532 = -67*i + 7774. What is the highest common divisor of i and 106?
106
Let s be 14/5*((-22)/(-121) - 153/(-66)). Calculate the highest common factor of 3143 and s.
7
Suppose -462 = 203*o - 2111 - 1599. Let x be (1 - -1)/2*16. What is the greatest common factor of o and x?
16
Let u be (1285/2)/(665/43358). Calculate the highest common divisor of u and 257.
257
Suppose a + 4 - 97 = -3*q, 0 = -9*a + 4*q + 744. Calculate the greatest common factor of a and 4326.
42
Let a = 151 - 142. Let c(q) = q - 1. Let j be c(a). What is the highest common divisor of 2 and j?
2
Let n = -1556 + 1862. Calculate the highest common factor of n and 72.
18
Let w = 408 - 246. Let u = w - 9. Let f be (-49)/(-3) - 4/(-6). What is the highest common factor of f and u?
17
Let u = -4724 + 5091. What is the greatest common factor of u and 2?
1
Let k(o) = 276*o + 837. Let a be k(-3). Calculate the greatest common factor of 4167 and a.
9
Let c = 130 + 116. Let j = -207 + c. What is the highest common divisor of j and 117?
39
Suppose 11*s - 4725 = -4703. What is the highest common divisor of s and 1?
1
Suppose 34*t + 236 = 93*t. Suppose -2*u + 14 = -n - 7, -4*u = n + 33. Let b be t/10 - 265/n. Calculate the greatest common factor of 11 and b.
11
Suppose 7*d = d + 240. Let h = -530 + 560. Calculate the greatest common divisor of h and d.
10
Let x(q) = 1785*q - 7077. Let z be x(4). Calculate the highest common factor of z and 15351.
21
Let v = 3159 - 3128. Let i be 61/2 - 3/(-6). Calculate the greatest common factor of i and v.
31
Let i be 32 - 28 - (-1 - (-3)/3). Let j be (-6 - -11 - i)*2. What is the greatest common factor of 54 and j?
2
Suppose -2*j + 5*s + 33 = 11, 0 = -2*j - 2*s + 36. Let g = -107 - -115. Suppose g*a - a - 14 = 0. What is the highest common factor of j and a?
2
Let i be 1180480/336 + (-2)/(-12)*4. Calculate the greatest common divisor of 84 and i.
14
Let o = -74 + 16. Suppose -24 - 110 = -2*f. Let q = f + o. Calculate the highest common divisor of q and 36.
9
Let l(z) = 16*z + 9. Let a be l(0). Let m(s) = s**3 - 10*s**2 + 8*s + 24. Let w be m(a). What is the greatest common factor of 5 and w?
5
Suppose i - 258 = -395*m + 397*m, -4*i + 1080 = -2*m. Calculate the greatest common divisor of i and 10001.
137
Let y be (-4556)/170 + 26 + 19848/10. What is the greatest common divisor of 682 and y?
62
Let o(y) = -y**3 + 30*y**2 - 202*y - 20. Let r be o(18). Calculate the greatest common factor of r and 8.
8
Let g(w) = w**3 + 4*w**2 + 16*w + 57. Let i be g(-3). Let m be 200 + (-3)/(6/4). What is the highest common divisor of m and i?
18
Let g be (-57 - 3)*(-10)/40. Let d be g/((22/14)/11). Calculate the highest common divisor of 63 and d.
21
Let x = 89 + -95. Let a(y) = y + 7. Let i be a(x). Let z be i - -14 - (-2 - 4/(-4)). What is the greatest common factor of 4 and z?
4
Let l = -46 - -49. Suppose 10*b + 3416 = l*b. Let v = -344 - b. Calculate the greatest common divisor of v and 16.
16
Let x = 212 - 210. Suppose m - x*z = 62, -2*m + 4*m + z - 104 = 0. Calculate the highest common factor of m and 378.
54
Suppose 6*n + 14*j - 19*j - 14644 = 0, -3*n + j + 7319 = 0. Calculate the greatest common factor of 72 and n.
9
Suppose 5*d - 24 = -9. Suppose -3*m - 5*z = m - 2191, -d*z = m - 553. What is the highest common divisor of 34 and m?
34
Let l be (-8032)/(-4) - 3 - 5. Suppose 0*h - 10*h = -l. Suppose 24*r - 20*r = h. What is the greatest common divisor of 550 and r?
50
Suppose 2*n + 1622 = -99*o + 101*o, 4*o - 3242 = 2*n. What is the greatest common divisor of o and 522?
18
Let c = 318 - 308. Let j be (7 - (c - 8)) + 80. What is the greatest common factor of j and 35?
5
Suppose -119 = -4*w + y + 51, 0 = -3*w + 4*y + 134. Suppose -5*f = j + 52, -f + 4*j = 3*f + 56. Let l = 17 + f. What is the highest common factor of l and w?
6
Suppose 3*j - 74 = -c, -c + 61 = 59. What is the greatest common factor of j and 786?
6
Suppose -5*s = -5*a + 10, 2*a + 2*s = -3*s + 11. Suppose -a*m + 52 = -2*z, 0*m - 77 = -4*m - 5*z. What is the greatest common divisor of m and 162?
18
Suppose 2*j = 4*j. Suppose j*k = -k + 63. Suppose 2*p - k = 91. Calculate the greatest common factor of 7 and p.
7
Suppose -5*d = 5*h - 10, 0 = 6*h - 2*h - 5*d + 19. Let t be (14/21)/(h*(-4)/486). Calculate the greatest common factor of t and 27.
27
Suppose -m = 3*z - 342, 3*m + 2*m = z + 1646. Let f = -315 + m. Let x be (-992)/(-6) - (-3)/(-9). What is the highest common divisor of x and f?
15
Suppose 3*t - o = 17727, -11*t + 5*o = 9*o - 65022. What is the greatest common factor of 30 and t?
30
Let h = -4498 + 4505. Suppose 3*d - 2*b + 146 = 5*d, 2*d = 2*b + 162. Calculate the greatest common factor of d and h.
7
Let d = -4909 + 4961. What is the greatest common divisor of d and 8?
4
Let r = -134 - -264. Let u(z) = 130 - 296 + 6*z + r. Let w be u(7). What is the highest common factor of 21 and w?
3
Suppose j + s + 3*s + 5 = 0, 11 = j - 4*s. Suppose 0*h - 2*h - 50 = -3*c, 0 = j*c + 5*h - 85. What is the greatest common divisor of 100 and c?
20
Let p = 2 - -2. Let m(k) = -k**2 - 184*k - 8427. Let q be m(-95). What is the greatest common divisor of p and q?
4
Let a = -1081 - -1225. What is the highest common divisor of 432 and a?
144
Let t be 40/(27/(27/2)). What is the highest common factor of t and 7410?
10
Suppose -5*j = 5*g - 65, 0 = 5*g - 4*g - 4*j + 2. Suppose g*z + 988 = 1828. Calculate the greatest common divisor of z and 12.
12
Suppose 5*t = -101 - 119. Let z = -35 - t. Calculate the highest common factor of 63 and z.
9
Let z = -98 + 111. Suppose -105*m = -3*r - 101*m + 19, -2*r + m = -21. What is the highest common divisor of z and r?
13
Suppose -132*n = -780718 + 69664 - 8874. Calculate the highest common divisor of 162 and n.
54
Suppose 90 + 406 = 31*g. Suppose -310 - 138 = -g*v. Calculate the greatest common divisor of 322 and v.
14
Suppose -y - 562 = -5*c, 3*c + 3*y = 4*y + 338. Let n be -96*15/(-60) - 10. Calculate the highest common divisor of n and c.
14
Let l be (0 + 712)/(1 + 6 - 6). What is the greatest common factor of 16 and l?
8
Let a = 685 - 679. Calculate the highest common divisor of a and 837.
3
Let r = -94 + 98. Suppose r*x - 106 = 2*u, -x + 4*u = 4*x - 140. Let j = 172 + -76. Calculate the highest common factor of x and j.
24
Let g(d) = 60*d**2 + 654*d - 6. Let r be g(-11). Calculate the greatest common factor of 4740 and r.
60
Let q(t) = 21*t**2 + 467*t + 1859. Let n be q(-4). Calculate the highest common factor of n and 1744.
109
Suppose -2*n + 244 + 1734 = 0. Calculate the greatest common factor of 115 and n.
23
Suppose -4*r + 8*d + 110 = 10*d, 3*d = -4*r + 115. Suppose 57*y + 140 = 64*y. What is the greatest common factor of y and r?
5
Suppose 508 = 6*m - 572. Let b be 7 + m/(7 + -2). What is the greatest common divisor of 215 and b?
43
Let x(t) = 39*t - 1714. Let b be x(46). Calculate the greatest common divisor of b and 10.
10
Let s(k) be the first derivative of 4*k**3 + 3*k**2/2 - 10*k - 131. Let b be s(2). Calculate the greatest common factor of 143 and b.
11
Suppose 12773 = 2*q - h - 12422, -5*h = 2*q - 25189. Calculate the highest common factor of q and 39.
39
Suppose 2*o + i + 7 - 25 = 0, o - 2*i - 14 = 0. Let x(s) = 9*s - 55. Let m be x(o). Calculate the greatest common factor of 21 and m.
7
Let q be 4/(-2) + (-2)/(-2*1/816). Let k = -8 + 30. Calculate the highest common factor of q and k.
22
Suppose -5*b = 4*l - b + 240, -l = -3*b + 52. Let k = -50 - l. Let f = 10 + 46. Calculate the highest common divisor of f and k.
8
Let d = 1139 - 1064. Let s(f) = 2*f**2 + 3*f + 1. Let n be s(-2). Let b be 1 - (-15 + -2) - n. Calculate the greatest common divisor of d and b.
15
Let f(p) = 70*p**3 + 13*p**2 - 19*p + 2. Let i be f(2). Calculate the highest common divisor of i and 704.
64
Let c(z) = 58*z + 5232. Let p be c(-84). Calculate the greatest common divisor of p and 3330.
90
Suppose 350*g - 210935 = -23*g - 29657. What is the highest common factor of g and 15228?
162
Let b = 597 + -570. What is the highest common factor of 531 and b?
9
Let m = -3906 - -6727. Calcula